39)/117 + ((-15)/20)/(18/16). Let a(m) = 7*m**3 - 2*m**2 - 2*m - 1. What is a(j)?
-8
Let r(h) = -h**3 - 11*h**2 + h + 6. Let j(g) = g**3 - 26*g**2 - 56*g - 11. Suppose -5*l + 85 + 55 = -3*c, 56 = 2*l - 4*c. Let i be j(l). What is r(i)?
-5
Let m(q) = 7*q**2 - 13*q - 4. Let l be m(3). Suppose -5*w = -l, 0*w - 4*w + 22 = -3*v. Let k(d) = -4*d**2 - 3*d - 1. Determine k(v).
-11
Let h(v) = 2826*v + 2 - 1409*v - 1414*v + 17*v**2. Determine h(-1).
16
Let m(p) = p + 4. Suppose -6 = -3*t + 5*i, -33*t - 2*i = -38*t + 29. Let r(o) = -o - 5. Let l = 1 + 5. Let b(g) = l*r(g) + t*m(g). Give b(-3).
-5
Suppose -2*m + 7 = 1. Suppose 4*h - 92 - 38 = u, 3*h - 88 = -4*u. Let c(l) = -m*l - 34 - 2*l + 73 - h - l**2. What is c(-7)?
-7
Let v = 207 - 206. Suppose v = -o - 4*i - 7, 4*o = -2*i + 10. Let z(t) = -t**3 + 4*t**2 - t + 5. Determine z(o).
1
Let n(v) = -128 - 37*v**2 + 10*v**2 + 15*v**2 + 10*v**2 + 25*v + 144. Calculate n(13).
3
Let k(d) = -13*d - 9. Let x(w) = w - 1. Let r(u) = k(u) + 5*x(u). Give r(-7).
42
Let c = 6370 + -6375. Let t(i) be the third derivative of 0*i + 0 - 1/24*i**4 + 0*i**3 - i**2. Give t(c).
5
Let q(g) = 22*g - 52 + 4 + g + 265*g**2 + g**3 - 250*g**2. Determine q(-13).
-9
Let f(t) = 18*t - 125. Let m be -61 + 54 + (10 - 2) + (6 - 0). Calculate f(m).
1
Let y(q) = -2*q**3 + q**2 - 2. Let d = -3465 + 3464. Calculate y(d).
1
Let f(m) be the second derivative of m**4/12 + 13*m**3/6 + 41*m**2/2 - 211*m. Determine f(-7).
-1
Let i = -356 - -262. Let g = i + 87. Let y(q) = q**2 + 6*q - 8. Determine y(g).
-1
Let l(t) = -17*t**2 - 7 - 3*t + 14 - 2 - 4 + 15*t**2. Let f = -46 + 48. Calculate l(f).
-13
Let w = -388 - -956. Let y = w - 569. Let d(l) = -4*l + 3. Give d(y).
7
Let g(o) = -o**3 - 2*o**2 + o + 1. Let m be ((-6)/(-7))/(-3) + 11 + (-1275)/119. Calculate g(m).
1
Let g = -12611 - -12609. Let p(x) = -3*x**2 - 3*x + 5. Let u(n) = -6*n**2 - 6*n + 11. Let y(l) = -9*p(l) + 4*u(l). Give y(g).
5
Suppose 4 = -q - 22*b + 17*b, 3*q - 4 = b. Let j(r) = 21*r - 8. Give j(q).
13
Let a(k) = 198*k - 2817. Let j(i) = -41*i + 565. Let o(f) = -3*a(f) - 14*j(f). Calculate o(27).
1
Let t(w) be the first derivative of -w**6/360 - 7*w**5/120 + 2*w**3/3 - 10*w + 39. Let h(a) be the third derivative of t(a). Calculate h(-7).
0
Let q(x) = 20*x**2 + 17*x + 25. Let r(v) = 11*v**2 + 9*v + 13. Let k(w) = 6*q(w) - 11*r(w). Let c(h) = -h**3 + h**2 + h + 5. Let o be c(0). Determine k(o).
-3
Suppose -8*z = -u - 4*z + 4, -3*u = -z - 1. Let w(m) be the third derivative of -m**4/24 + 5*m**3/2 - 40*m**2. Determine w(u).
15
Let s(g) = 616*g**2 - 20*g - 17. Let o(w) = 360*w**2 - 12*w - 10. Let c(z) = 17*o(z) - 10*s(z). Determine c(-1).
-36
Let p(w) be the third derivative of 5/12*w**5 - 2 + 1/6*w**3 + 0*w - 12*w**2 + 1/24*w**4. What is p(-1)?
25
Let z(d) be the second derivative of -d**5/20 - 7*d**4/12 - 5*d**3/6 - 7*d**2/2 + 2*d. Let f = 14100 + -14106. Give z(f).
-13
Suppose f = 37 - 42. Let m(b) = b. Let p(u) = 11*u - 1. Let h(t) = f*m(t) + p(t). Give h(-5).
-31
Let z(l) be the first derivative of 3/2*l**2 + 241 + 1/4*l**4 - l**3 + l. What is z(3)?
10
Let v = 1 + -2. Let n(h) = -971*h - 5. Let d(p) = 810*p + 4. Let b(g) = -6*d(g) - 5*n(g). Determine b(v).
6
Let j(y) = -33*y + 7. Let f(t) = 15*t - 4. Let x(s) = -13*f(s) - 6*j(s). Let o(d) = 7*d + 19. Let c(r) = 3*o(r) - 5*x(r). Calculate c(-7).
-35
Let s(b) be the second derivative of -b**3/3 + 37*b**2/2 + 3011*b. Give s(9).
19
Let s(o) = -o**2 + 2*o. Let t(f) = -5*f**2 + 15*f - 4. Let w(a) = 6*s(a) - t(a). Let i be ((-12)/(-5))/(2/10). Let m = 7 - i. Determine w(m).
-6
Let o(m) = -2*m**3 + 2*m + 1. Let h be (-100)/30*(-12)/(-10). Let b be (((-2)/h)/1)/((-2)/(-244)). Let c = b + -62. What is o(c)?
1
Let h = -360 - -388. Suppose -5*l - 2*f = 20, -5*l + 2*f = -2*l + h. Let m(y) = -4*y - 2 - 2*y - y**2 - 6. Give m(l).
-8
Let b be (-37)/3 - (-1)/3. Let t(m) = -126 + 23*m - m**3 - 11*m**2 + 70 - 38*m + 74 + 28*m. Give t(b).
6
Suppose -98 - 110 = -36*g - 28. Let p(q) = -q**2 + 4*q - 1. Let s(t) = 2*t**2 - 8*t + 3. Let x(o) = 5*p(o) + 3*s(o). Give x(g).
9
Suppose -11 = x + 4*f, 45 = 5*x - f - 4*f. Suppose -x*b - 19 = -2*n + 10, 5*b + 35 = 5*n. Let r(m) = m - 2. Give r(b).
-7
Let t(b) = -8*b**2 + b + 4. Let c(j) = 25*j + 398. Let q be c(-16). Give t(q).
-30
Let n(o) be the first derivative of -o**3/3 - o**2/2 + o + 3. Let j(g) = -52*g - 211. Let d be j(-4). Calculate n(d).
-5
Let d(m) = -4*m**3 + 4*m + 11*m**3 + 7*m**2 + 1 - 6*m**3. Suppose 3*p = -5*p - 40. What is d(p)?
31
Suppose -209 = -2*j + 34*j - 13*j. Let b(n) = -n**2 - 9*n + 9. Let o(x) = 1. Let d(i) = b(i) + 2*o(i). What is d(j)?
-11
Let k(p) be the first derivative of 1 + 11*p + 1/3*p**3 + 7/2*p**2. Determine k(-8).
19
Let z(g) be the first derivative of g**4/4 + 7*g**3/3 + g**2 + 7*g - 6499. Suppose w = 5*p + 10 + 29, -5*p - 2*w = 27. Calculate z(p).
-7
Let s(z) be the third derivative of z**5/60 - z**4/24 + z**3/6 - 2*z**2 + 362. Suppose 0 = q - 0*q - 2*d + 2, -5*q - d = -12. Determine s(q).
3
Let b(l) = -4*l**2 + l - 6. Let q(w) = 14*w**2 - 4*w - 1. Let n(y) = 3*b(y) + q(y). Determine n(5).
26
Let l(y) = 7*y + 17 + 10*y - 18*y. Let v(u) = -u**3 + 9*u**2 + u + 4. Let f be v(9). Determine l(f).
4
Let r(w) = 141*w**2 + 1. Let z be r(1). Let q = z + -146. Let g(m) be the first derivative of -m**2/2 - 3*m + 2. Determine g(q).
1
Let o(i) = 2*i - 8. Let f = 32 - 37. Let v(y) = 5*y + 4. Let b(r) = 4*r + 5. Let q(a) = f*v(a) + 6*b(a). Let z be q(2). Calculate o(z).
8
Suppose -5*p - 4*i + 31 = 0, 5*p + 3*i = 6*i + 3. Let h(d) = -5*d + 2*d + 23 - 16 + p. Calculate h(4).
-2
Let a(l) = -3*l**2 - l - 5. Let r = -86 + 88. Suppose 3*p + 9 = 0, 0 = y - 4*p + r - 9. Let s(c) = 4*c**2 + c + 4. Let m(q) = y*a(q) - 4*s(q). Calculate m(0).
9
Let v(x) = -4*x**3 + 9*x + 1. Let s(a) = -17*a**3 + 41*a + 3. Let u(h) = 3*s(h) - 13*v(h). Give u(2).
16
Let l be 37/(-5) + 4/10. Let j(c) be the second derivative of -c**5/20 - 7*c**4/12 - c**3/6 - 2*c**2 - 44*c + 1254. Determine j(l).
3
Let k be (3 - 7) + -2 + 11. Let w(t) = -25*t + k - 6 - 7 + 27*t + 0. Give w(-6).
-20
Let w = -40744 - -40734. Let s(r) = 0 + 0*r - r - 2. Calculate s(w).
8
Let u(r) = -10*r - 160 + 70 + 63 - 2*r + 3*r. Calculate u(0).
-27
Let m = 342 + -339. Suppose 0 = m*c + 5*c - 8. Let f(r) = 23*r**2 + r. Determine f(c).
24
Let u(y) be the second derivative of 2*y**3 + 3*y**2 + 1570*y. What is u(-7)?
-78
Suppose 1 = 2*g + t, 5*t = -195 + 180. Let k(r) = 4*r - 2. What is k(g)?
6
Let m(d) = d**2 + 2*d + 4. Let w(j) be the third derivative of j**6/120 - j**5/20 - 5*j**4/24 - j**3/2 - 58*j**2. Let i be w(-1). Calculate m(i).
4
Let j(d) be the first derivative of -1/4*d**4 - d - 1/3*d**3 - 18 + 1/2*d**2. Let l be (-8 - -5 - -1*3)*-1. Calculate j(l).
-1
Let w(v) = -v**2 - 46*v - 279. Let y(z) = -z**2 - 156*z - 6002. Let k be y(-67). Calculate w(k).
-6
Let u(q) be the second derivative of -11*q**3/6 - 39*q**2 + 2086*q. Give u(-7).
-1
Let l(h) = h**3 + 11*h**2 - h - 23. Suppose 0 = 133*a - 130*a - 3*y + 12, -3*a - 5*y = 68. Give l(a).
-12
Let b(t) = 188 + 5*t + 15*t**2 + 2454*t**3 - 2455*t**3 - 229. What is b(15)?
34
Let a(z) = -z**3 + 8*z**2 + 10*z - 5. Let f be (1/1 - -1)*(-270)/(-60). Let i be a(f). Let m(h) = -4 - 2 - 1 + h + i. Calculate m(-6).
-9
Let g(u) be the first derivative of u**7/840 + u**6/45 - u**5/10 - 5*u**4/6 - u**3/3 - 3*u - 28. Let c(q) be the third derivative of g(q). Calculate c(-9).
7
Let m be 5448*(-1 + -1 - (-110)/44). Let l(q) = -5459 + m + 2727 - 2*q. Give l(0).
-8
Let c be ((-6)/4)/(3/(-8)). Let t(r) = 1490 - r - 2964 + 1471. Give t(c).
-7
Let k(i) = -2*i - 2. Let h(s) = 4*s + 2. Let r(d) = 3*h(d) - k(d). What is r(5)?
78
Let y(a) = 38*a**2 - 19*a - 1314. Let k(n) = -32*n**2 + 16*n + 1095. Let p(c) = -13*k(c) - 11*y(c). Give p(-10).
9
Let k(f) = 14*f + 16. Let o(h) be the third derivative of -5*h**4/24 - h**3 - 6*h**2 - 4. Let x(y) = -6*k(y) - 17*o(y). Calculate x(-6).
0
Suppose 4*z - 3 = 13. Let v(s) be the first derivative of 53 + 1/3*s**3 + 2*s - 4*s**2. Determine v(z).
-14
Let m be 33/(-198) + 1273/6. Let k = m + -215. Let b(c) = -25*c - 7. Let x(z) = -4*z - 1. Let r(g) = 6*b(g) - 39*x(g). What is r(k)?
-21
Let a(n) be the third derivative of -5*n**4/12 - n**3/6 + 30*n**2 - 12*n. Give a(1).
-11
Let i be (49/28*-4)/